{"id":283,"date":"2014-04-06T10:07:23","date_gmt":"2014-04-06T10:07:23","guid":{"rendered":"http:\/\/arhi5ra.com\/?page_id=283"},"modified":"2020-02-23T11:57:06","modified_gmt":"2020-02-23T10:57:06","slug":"kontakt","status":"publish","type":"page","link":"http:\/\/arhi5ra.com\/?page_id=283","title":{"rendered":"KONTAKT"},"content":{"rendered":"<div  class='flex_column av-fu5oj-b80d1768fbf775499b0bd5b15bfd2707 av_one_full  avia-builder-el-0  el_before_av_hr  avia-builder-el-first  first flex_column_div  '     ><div  class='avia-slideshow av-49p0hn-8fe61dd9141917896994ff566401c9d7 avia-slideshow-featured_large av_slideshow avia-slide-slider  avia-builder-el-1  avia-builder-el-no-sibling  av-slideshow-ui av-control-default av-slideshow-autoplay av-loop-endless av-loop-manual-endless av-default-height-applied avia-slideshow-1' data-slideshow-options=\"{&quot;animation&quot;:&quot;slide&quot;,&quot;autoplay&quot;:true,&quot;loop_autoplay&quot;:&quot;endless&quot;,&quot;interval&quot;:5,&quot;loop_manual&quot;:&quot;manual-endless&quot;,&quot;autoplay_stopper&quot;:false,&quot;noNavigation&quot;:false,&quot;bg_slider&quot;:false,&quot;keep_padding&quot;:false,&quot;hoverpause&quot;:false,&quot;show_slide_delay&quot;:0}\"  itemprop=\"image\" itemscope=\"itemscope\" itemtype=\"https:\/\/schema.org\/ImageObject\" ><ul class='avia-slideshow-inner ' style='padding-bottom: 42%;'><\/ul><\/div><\/div>\n<div  class='hr av-30ki8j-b7679b023da16ad09b8151564832c1f5 hr-short  avia-builder-el-2  el_after_av_one_full  el_before_av_one_fourth  hr-center'><span class='hr-inner '><span class=\"hr-inner-style\"><\/span><\/span><\/div>\n<div  class='flex_column av-2wkavn-e785ecb2e919e1a4b22ad43a72d5100f av_one_fourth  avia-builder-el-3  el_after_av_hr  el_before_av_one_half  first flex_column_div  '     ><section  class='avia-team-member av-2qb7hf-00c03bf9cbf4b85840cb92b3a6cca4ae  avia-builder-el-4  avia-builder-el-no-sibling '  itemscope=\"itemscope\" itemtype=\"https:\/\/schema.org\/Person\" ><div class=\"team-img-container\"><img fetchpriority=\"high\" class='wp-image-2332 avia-img-lazy-loading-not-2332 avia_image avia_image_team' src='http:\/\/arhi5ra.com\/wp-content\/uploads\/2018\/08\/DSCF5208-Edit-200x300.jpg' alt='Petra Ore\u010d'  itemprop=\"image\"   height=\"300\" width=\"200\" \/><div class=\"team-social\"><div class=\"team-social-inner\"><span class='hidden av_member_url_markup twitter'  itemprop=\"url\" >http:\/\/www.twitter.com\/arhi5ra<\/span><a href='http:\/\/www.twitter.com\/arhi5ra' class='avia-team-icon av-2ip3ff-260d68b757ee3e89aebf16fed699df28 twitter avia-iconfont avia-font-entypo-fontello' rel='v:url' data-avia-tooltip=\"Twitter\"  data-av_icon='\ue8f2' data-av_iconfont='entypo-fontello' ><\/a><span class='hidden av_member_url_markup facebook'  itemprop=\"url\" >http:\/\/www.facebook.com\/petraOrec<\/span><a href='http:\/\/www.facebook.com\/petraOrec' class='avia-team-icon av-2d0eln-ef9ba487afd5c5a2410bdc3d04eda131 facebook avia-iconfont avia-font-entypo-fontello' rel='v:url' data-avia-tooltip=\"Facebook\"  data-av_icon='\ue8f5' data-av_iconfont='entypo-fontello' ><\/a><span class='hidden av_member_url_markup '  itemprop=\"email\" >mailto:petra@arhi5ra.com<\/span><a href='mailto:petra@arhi5ra.com' class='avia-team-icon av-29m983-d28bce3f11f09ae18becb955ddda0790 avia-iconfont avia-font-entypo-fontello' rel='v:url' data-avia-tooltip=\"petra@arhi5ra.com\"  data-av_icon='\ue805' data-av_iconfont='entypo-fontello' ><\/a><\/div><\/div><\/div><h3 class='team-member-name '  itemprop=\"name\" >Petra Ore\u010d<\/h3><div class='team-member-job-title '  itemprop=\"jobTitle\" >Ovla\u0161tena arhitektica<\/div><span class='hidden team-member-affiliation'  itemprop=\"affiliation\" >ARHI5RA d.o.o.<\/span><\/section><\/div><div  class='flex_column av-20ir3n-2dbbf1aa77101ec40b7b7e7a78700969 av_one_half  avia-builder-el-5  el_after_av_one_fourth  el_before_av_one_fourth  flex_column_div  '     ><section  class='av_textblock_section av-1viouj-90026aeac1643a35dcc0a15b4fa02c68 '   itemscope=\"itemscope\" itemtype=\"https:\/\/schema.org\/CreativeWork\" ><div class='avia_textblock'  itemprop=\"text\" ><p>Petra Ore\u010d, osniva\u010d i vlasnik, ovla\u0161tena je arhitektica i \u010dlanica u Hrvatskoj komori arhitekata pod br.upisa&nbsp; <strong>A2767<\/strong> od 15.11.2001. U dosada\u0161njoj karijeri stekla je veliko iskustvo, referentne projekte, te stru\u010dnost koje omogu\u0107avaju prepoznavanje potreba potencijalnih klijenata.<\/p>\n<h3>Referentna lista<\/h3>\n<p>Neki od dosada\u0161njih projekata na podru\u010dju projektiranja poslovnih, trgova\u010dkih, vi\u0161estambenih, stambenih, javnih, sportskih i infrastrukturalnih gra\u0111evina, te osvojene nagrade na javnim arhitektonskim natje\u010dajima za idejna rje\u0161enja:<br \/>\n1. nagrada VI\u0160ENAMJENSKI OBJEKT U ULICI HRVATSKE REPUBLIKE br. 29 U OSIJEKU,<br \/>\n1. nagrada STAMBENA GRA\u0110EVINA POS-A U VINKOVCIMA,<br \/>\n1. nagrada STAMBENA GRA\u0110EVINA POS-A U ZELINI,<br \/>\n2. nagrada URBANISTI\u010cKOG RJE\u0160ENJA TRGA U JELSI<br \/>\n3. nagrada KULTURNI CENTAR U NOVOM MAROFU ,<br \/>\n3. nagrada GOSPODARSKA \u0160KOLA U \u010cAKOVCU,<br \/>\n3. nagrada STAMBENA GRA\u0110EVINA POS-A U \u0160panskom ZAGREB,<br \/>\n3. nagrada STAMBENA GRA\u0110EVINA POS-A U IVANI\u0106 GRADU,<\/p>\n<\/div><\/section><\/div><\/p>\n<div  class='flex_column av-1tg9u3-ef84372f69a767bf7cbac75442bd3a63 av_one_fourth  avia-builder-el-7  el_after_av_one_half  el_before_av_hr  flex_column_div  '     ><section  class='av_textblock_section av-1m6ukj-52e30e18791255268201158a5d48e94a '   itemscope=\"itemscope\" itemtype=\"https:\/\/schema.org\/CreativeWork\" ><div class='avia_textblock'  itemprop=\"text\" ><div id=\"hzroot7260678\" style=\"width: 200px; text-align: center; font-size: 12px; padding: 0; border: 0; margin: 0;\">\n<div style=\"font-size: 12px; margin-bottom: 3px;\">\n<table style=\"height: 40px; width: 100%;\" cellspacing=\"0\" cellpadding=\"0\" border=\"0\">\n<tbody>\n<tr>\n<td style=\"width: 40px;\"><a href=\"http:\/\/www.houzz.com\/pro\/arhi5ra\/arhi5ra-petra-orec\"><img loading=\"lazy\" decoding=\"async\" style=\"border: 0;\" src=\"http:\/\/st.houzz.com\/simgs\/22837e710341aa1c_0-2317\/arhi5ra.jpg\" alt=\"\" width=\"40\" height=\"40\" border=\"0\"><\/a><\/td>\n<td style=\"padding-left: 5px;\"><a style=\"float: left; font-size: 12px;\" href=\"http:\/\/www.houzz.com\/pro\/arhi5ra\/arhi5ra-petra-orec\">ARHI5RA on Houzz<\/a><\/td>\n<\/tr>\n<\/tbody>\n<\/table>\n<\/div>\n<div style=\"padding: 0; margin: 0; border: 0; margin-bottom: 3px;\">\n<p><iframe id=\"HouzzWidget9912973\" style=\"border: 0 none; width: 200px; height: 175px;\" src=\"http:\/\/www.houzz.com\/jsGalleryWidget\/pro\/arhi5ra\/new_window=yes\/width=200\" name=\"HouzzWidget9912973\" scrolling=\"NO\" data-hzvt=\"MjAxNDA0MDY6MTg5Mzpwcm8=\" frameborder=\"0\"><\/iframe><\/p>\n<style type=\"text\/css\"><!-- #hzfooter7260678{overflow:hidden !important;transition:height 0.8s ease 0.5s;-webkit-transition:height 0.8s ease 0.5s;} #hzfooter7260678:hover{overflow-y:auto !important;height:68px!important;} --><\/style>\n<div id=\"hzfooter7260678\" style=\"font-family: Helvetica,arial,sans-serif; height: 34px; line-height: 17px; position: relative; overflow: auto;\">\n<div style=\"width: 170px; position: absolute; left: 15px;\">\n<p><a href=\"http:\/\/www.houzz.com\/professionals\/general-contractor#\">General contractors<\/a>, <a href=\"http:\/\/www.houzz.com\/professionals\/home-builders#\">home builders<\/a>, and more \u2228<\/p>\n<p><a href=\"http:\/\/www.houzz.com\/professionals#\">Home improvement<\/a> can start with something as minor as installing <a href=\"http:\/\/www.houzz.com\/pendant-track-lighting\">track lighting<\/a> or <a href=\"http:\/\/www.houzz.com\/photos\/ceiling-fans\">ceiling fans<\/a>.<br \/>\nFrom <a href=\"http:\/\/www.houzz.com\/photos\/wallpaper\">wallpapers<\/a> to <a href=\"http:\/\/www.houzz.com\/photos\/stencils\">wall stencils<\/a>, <a href=\"http:\/\/www.houzz.com\/photos\/upholstery-fabric\">fabrics<\/a> to <a href=\"http:\/\/www.houzz.com\/room-dividers\">room dividers<\/a>, design doesn&#8217;t stop at <a href=\"http:\/\/www.houzz.com\/professionals\/general-contractor#\">construction<\/a>.<\/p>\n<\/div>\n<\/div>\n<\/div>\n<\/div>\n<\/div><\/section><\/div>\n<div  class='hr av-1cj5lf-371752c0705d1912af6a085c461e0ec5 hr-short  avia-builder-el-9  el_after_av_one_fourth  el_before_av_three_fourth  hr-center'><span class='hr-inner '><span class=\"hr-inner-style\"><\/span><\/span><\/div>\n<div  class='flex_column av-4k7hf-522ae3ebfe1afc5b086a9820b8f30545 av_three_fourth  avia-builder-el-10  el_after_av_hr  el_before_av_one_fourth  first flex_column_div  '     ><section  class='av_textblock_section av-125w3f-b8bf419407d3fdb69eb29436c0eeb8ec '   itemscope=\"itemscope\" itemtype=\"https:\/\/schema.org\/CreativeWork\" ><div class='avia_textblock'  itemprop=\"text\" ><h4>ARHI5RA d.o.o.<\/h4>\n<p>Kneza Ljudevita Posavskog 30, HR-10000 Zagreb<br \/>\ntel +385 (91) 505-7912<br \/>\nmail&nbsp;<a href=\"mailto:petra@arhi5ra.com\">petra@arhi5ra.com<\/a><\/p>\n<p style=\"text-align: justify; font-size: xx-small;\">Nadle\u017eni sud Trgova\u010dki sud u Zagrebu | MBS 080886712 | OIB 24794918440&nbsp;|&nbsp;Temeljni kapital 20.000,00 kuna upla\u0107en u cijelosti |<br \/>\n<span style=\"line-height: 1.5em;\">IBAN HR6823300031153065609 SOCIETE GENERALE \u2013 SPLITSKA BANKA d.d. |&nbsp;Direktor Petra Ore\u010d, zastupa dru\u0161tvo pojedina\u010dno i samostalno.<\/span><\/p>\n<\/div><\/section><\/div>\n<div  class='flex_column av-ws05n-39af5a09dd8bc727f0af7fb8de9bef3a av_one_fourth  avia-builder-el-12  el_after_av_three_fourth  el_before_av_one_full  flex_column_div  '     ><\/div>\n<div  class='flex_column av-n3mhn-09e9889df0ddcbbe524861ac89c24192 av_one_full  avia-builder-el-14  el_after_av_one_fourth  el_before_av_hr  first flex_column_div  column-top-margin'     ><div  data-slideshow-options=\"{&quot;animation&quot;:&quot;fade&quot;,&quot;autoplay&quot;:false,&quot;loop_autoplay&quot;:&quot;once&quot;,&quot;interval&quot;:5,&quot;loop_manual&quot;:&quot;manual-endless&quot;,&quot;autoplay_stopper&quot;:false,&quot;noNavigation&quot;:false,&quot;show_slide_delay&quot;:90}\" class='avia-content-slider avia-content-grid-active avia-content-slider1 avia-content-slider-even  avia-builder-el-15  avia-builder-el-no-sibling  av-slideshow-ui av-control-default   av-no-slider-navigation av-slideshow-manual av-loop-once av-loop-manual-endless '  itemscope=\"itemscope\" itemtype=\"https:\/\/schema.org\/Blog\" ><div class=\"avia-content-slider-inner\"><div class=\"slide-entry-wrap\"><article class='slide-entry flex_column  post-entry post-entry-2259 slide-entry-overview slide-loop-1 slide-parity-odd  av_one_fourth first real-thumbnail posttype-post post-format-standard'  itemscope=\"itemscope\" itemtype=\"https:\/\/schema.org\/CreativeWork\" ><a href='http:\/\/arhi5ra.com\/?p=2259' data-rel='slide-1' class='slide-image' title='Projekt &#8211; Villa 2in1'><img decoding=\"async\" fetchpriority=\"high\" width=\"1210\" height=\"423\" src=\"http:\/\/arhi5ra.com\/wp-content\/uploads\/2018\/08\/DSCF2066-1210x423.jpg\" class=\"wp-image-2227 avia-img-lazy-loading-not-2227 attachment-entry_without_sidebar size-entry_without_sidebar wp-post-image\" alt=\"\" \/><\/a><div class=\"slide-content\"><header class=\"entry-content-header\" aria-label=\"Slide: Projekt - Villa 2in1\"><h3 class='slide-entry-title entry-title '  itemprop=\"headline\" ><a href='http:\/\/arhi5ra.com\/?p=2259' title='Projekt &#8211; Villa 2in1'>Projekt &#8211; Villa 2in1<\/a><\/h3><span class=\"av-vertical-delimiter\"><\/span><\/header><\/div><footer class=\"entry-footer\"><\/footer><span class='hidden'>\n\t\t\t\t<span class='av-structured-data'  itemprop=\"image\" itemscope=\"itemscope\" itemtype=\"https:\/\/schema.org\/ImageObject\" >\n\t\t\t\t\t\t<span itemprop='url'>http:\/\/arhi5ra.com\/wp-content\/uploads\/2018\/08\/DSCF2066.jpg<\/span>\n\t\t\t\t\t\t<span itemprop='height'>1024<\/span>\n\t\t\t\t\t\t<span itemprop='width'>1536<\/span>\n\t\t\t\t<\/span>\n\t\t\t\t<span class='av-structured-data'  itemprop=\"publisher\" itemtype=\"https:\/\/schema.org\/Organization\" itemscope=\"itemscope\" >\n\t\t\t\t\t\t<span itemprop='name'>Mislav K<\/span>\n\t\t\t\t\t\t<span itemprop='logo' itemscope itemtype='https:\/\/schema.org\/ImageObject'>\n\t\t\t\t\t\t\t<span itemprop='url'>http:\/\/arhi5ra.com\/wp-content\/uploads\/2014\/03\/Arhi5ra1-300x45.gif<\/span>\n\t\t\t\t\t\t<\/span>\n\t\t\t\t<\/span><span class='av-structured-data'  itemprop=\"author\" itemscope=\"itemscope\" itemtype=\"https:\/\/schema.org\/Person\" ><span itemprop='name'>Mislav K<\/span><\/span><span class='av-structured-data'  itemprop=\"datePublished\" datetime=\"2014-04-06T10:07:23+01:00\" >2018-08-02 08:52:19<\/span><span class='av-structured-data'  itemprop=\"dateModified\" itemtype=\"https:\/\/schema.org\/dateModified\" >2018-08-03 09:42:36<\/span><span class='av-structured-data'  itemprop=\"mainEntityOfPage\" itemtype=\"https:\/\/schema.org\/mainEntityOfPage\" ><span itemprop='name'>Projekt &#8211; Villa 2in1<\/span><\/span><\/span><\/article><article class='slide-entry flex_column  post-entry post-entry-1631 slide-entry-overview slide-loop-2 slide-parity-even  av_one_fourth  real-thumbnail posttype-post post-format-gallery'  itemscope=\"itemscope\" itemtype=\"https:\/\/schema.org\/CreativeWork\" ><a href='http:\/\/arhi5ra.com\/?p=1631' data-rel='slide-1' class='slide-image' title='Projekt &#8211; Ku\u0107a \u017d'><img decoding=\"async\" fetchpriority=\"high\" width=\"1210\" height=\"423\" src=\"http:\/\/arhi5ra.com\/wp-content\/uploads\/2018\/07\/DSCF9014-1210x423.jpg\" class=\"wp-image-1633 avia-img-lazy-loading-not-1633 attachment-entry_without_sidebar size-entry_without_sidebar wp-post-image\" alt=\"\" \/><\/a><div class=\"slide-content\"><header class=\"entry-content-header\" aria-label=\"Slide: Projekt - Ku\u0107a \u017d\"><h3 class='slide-entry-title entry-title '  itemprop=\"headline\" ><a href='http:\/\/arhi5ra.com\/?p=1631' title='Projekt &#8211; Ku\u0107a \u017d'>Projekt &#8211; Ku\u0107a \u017d<\/a><\/h3><span class=\"av-vertical-delimiter\"><\/span><\/header><\/div><footer class=\"entry-footer\"><\/footer><span class='hidden'>\n\t\t\t\t<span class='av-structured-data'  itemprop=\"image\" itemscope=\"itemscope\" itemtype=\"https:\/\/schema.org\/ImageObject\" >\n\t\t\t\t\t\t<span itemprop='url'>http:\/\/arhi5ra.com\/wp-content\/uploads\/2018\/07\/DSCF9014.jpg<\/span>\n\t\t\t\t\t\t<span itemprop='height'>1280<\/span>\n\t\t\t\t\t\t<span itemprop='width'>1920<\/span>\n\t\t\t\t<\/span>\n\t\t\t\t<span class='av-structured-data'  itemprop=\"publisher\" itemtype=\"https:\/\/schema.org\/Organization\" itemscope=\"itemscope\" >\n\t\t\t\t\t\t<span itemprop='name'>Mislav K<\/span>\n\t\t\t\t\t\t<span itemprop='logo' itemscope itemtype='https:\/\/schema.org\/ImageObject'>\n\t\t\t\t\t\t\t<span itemprop='url'>http:\/\/arhi5ra.com\/wp-content\/uploads\/2014\/03\/Arhi5ra1-300x45.gif<\/span>\n\t\t\t\t\t\t<\/span>\n\t\t\t\t<\/span><span class='av-structured-data'  itemprop=\"author\" itemscope=\"itemscope\" itemtype=\"https:\/\/schema.org\/Person\" ><span itemprop='name'>Mislav K<\/span><\/span><span class='av-structured-data'  itemprop=\"datePublished\" datetime=\"2014-04-06T10:07:23+01:00\" >2018-08-01 09:28:00<\/span><span class='av-structured-data'  itemprop=\"dateModified\" itemtype=\"https:\/\/schema.org\/dateModified\" >2018-08-02 09:43:49<\/span><span class='av-structured-data'  itemprop=\"mainEntityOfPage\" itemtype=\"https:\/\/schema.org\/mainEntityOfPage\" ><span itemprop='name'>Projekt &#8211; Ku\u0107a \u017d<\/span><\/span><\/span><\/article><article class='slide-entry flex_column  post-entry post-entry-2180 slide-entry-overview slide-loop-3 slide-parity-odd  av_one_fourth  real-thumbnail posttype-post post-format-gallery'  itemscope=\"itemscope\" itemtype=\"https:\/\/schema.org\/CreativeWork\" ><a href='http:\/\/arhi5ra.com\/?p=2180' data-rel='slide-1' class='slide-image' title='Projekt &#8211; Apartman K'><img decoding=\"async\" fetchpriority=\"high\" width=\"1210\" height=\"423\" src=\"http:\/\/arhi5ra.com\/wp-content\/uploads\/2018\/08\/DSCF4768-1210x423.jpg\" class=\"wp-image-2090 avia-img-lazy-loading-not-2090 attachment-entry_without_sidebar size-entry_without_sidebar wp-post-image\" alt=\"\" \/><\/a><div class=\"slide-content\"><header class=\"entry-content-header\" aria-label=\"Slide: Projekt - Apartman K\"><h3 class='slide-entry-title entry-title '  itemprop=\"headline\" ><a href='http:\/\/arhi5ra.com\/?p=2180' title='Projekt &#8211; Apartman K'>Projekt &#8211; Apartman K<\/a><\/h3><span class=\"av-vertical-delimiter\"><\/span><\/header><\/div><footer class=\"entry-footer\"><\/footer><span class='hidden'>\n\t\t\t\t<span class='av-structured-data'  itemprop=\"image\" itemscope=\"itemscope\" itemtype=\"https:\/\/schema.org\/ImageObject\" >\n\t\t\t\t\t\t<span itemprop='url'>http:\/\/arhi5ra.com\/wp-content\/uploads\/2018\/08\/DSCF4768.jpg<\/span>\n\t\t\t\t\t\t<span itemprop='height'>1024<\/span>\n\t\t\t\t\t\t<span itemprop='width'>1536<\/span>\n\t\t\t\t<\/span>\n\t\t\t\t<span class='av-structured-data'  itemprop=\"publisher\" itemtype=\"https:\/\/schema.org\/Organization\" itemscope=\"itemscope\" >\n\t\t\t\t\t\t<span itemprop='name'>Mislav K<\/span>\n\t\t\t\t\t\t<span itemprop='logo' itemscope itemtype='https:\/\/schema.org\/ImageObject'>\n\t\t\t\t\t\t\t<span itemprop='url'>http:\/\/arhi5ra.com\/wp-content\/uploads\/2014\/03\/Arhi5ra1-300x45.gif<\/span>\n\t\t\t\t\t\t<\/span>\n\t\t\t\t<\/span><span class='av-structured-data'  itemprop=\"author\" itemscope=\"itemscope\" itemtype=\"https:\/\/schema.org\/Person\" ><span itemprop='name'>Mislav K<\/span><\/span><span class='av-structured-data'  itemprop=\"datePublished\" datetime=\"2014-04-06T10:07:23+01:00\" >2018-08-01 09:06:33<\/span><span class='av-structured-data'  itemprop=\"dateModified\" itemtype=\"https:\/\/schema.org\/dateModified\" >2018-08-02 09:40:33<\/span><span class='av-structured-data'  itemprop=\"mainEntityOfPage\" itemtype=\"https:\/\/schema.org\/mainEntityOfPage\" ><span itemprop='name'>Projekt &#8211; Apartman K<\/span><\/span><\/span><\/article><article class='slide-entry flex_column  post-entry post-entry-2085 slide-entry-overview slide-loop-4 slide-parity-even  post-entry-last  av_one_fourth  real-thumbnail posttype-post post-format-gallery'  itemscope=\"itemscope\" itemtype=\"https:\/\/schema.org\/CreativeWork\" ><a href='http:\/\/arhi5ra.com\/?p=2085' data-rel='slide-1' class='slide-image' title='Projekt &#8211; Apartman K1'><img decoding=\"async\" fetchpriority=\"high\" width=\"1210\" height=\"423\" src=\"http:\/\/arhi5ra.com\/wp-content\/uploads\/2018\/08\/DSCF7937-1210x423.jpg\" class=\"wp-image-2190 avia-img-lazy-loading-not-2190 attachment-entry_without_sidebar size-entry_without_sidebar wp-post-image\" alt=\"\" \/><\/a><div class=\"slide-content\"><header class=\"entry-content-header\" aria-label=\"Slide: Projekt - Apartman K1\"><h3 class='slide-entry-title entry-title '  itemprop=\"headline\" ><a href='http:\/\/arhi5ra.com\/?p=2085' title='Projekt &#8211; Apartman K1'>Projekt &#8211; Apartman K1<\/a><\/h3><span class=\"av-vertical-delimiter\"><\/span><\/header><\/div><footer class=\"entry-footer\"><\/footer><span class='hidden'>\n\t\t\t\t<span class='av-structured-data'  itemprop=\"image\" itemscope=\"itemscope\" itemtype=\"https:\/\/schema.org\/ImageObject\" >\n\t\t\t\t\t\t<span itemprop='url'>http:\/\/arhi5ra.com\/wp-content\/uploads\/2018\/08\/DSCF7937.jpg<\/span>\n\t\t\t\t\t\t<span itemprop='height'>1024<\/span>\n\t\t\t\t\t\t<span itemprop='width'>1536<\/span>\n\t\t\t\t<\/span>\n\t\t\t\t<span class='av-structured-data'  itemprop=\"publisher\" itemtype=\"https:\/\/schema.org\/Organization\" itemscope=\"itemscope\" >\n\t\t\t\t\t\t<span itemprop='name'>Mislav K<\/span>\n\t\t\t\t\t\t<span itemprop='logo' itemscope itemtype='https:\/\/schema.org\/ImageObject'>\n\t\t\t\t\t\t\t<span itemprop='url'>http:\/\/arhi5ra.com\/wp-content\/uploads\/2014\/03\/Arhi5ra1-300x45.gif<\/span>\n\t\t\t\t\t\t<\/span>\n\t\t\t\t<\/span><span class='av-structured-data'  itemprop=\"author\" itemscope=\"itemscope\" itemtype=\"https:\/\/schema.org\/Person\" ><span itemprop='name'>Mislav K<\/span><\/span><span class='av-structured-data'  itemprop=\"datePublished\" datetime=\"2014-04-06T10:07:23+01:00\" >2018-08-01 08:04:11<\/span><span class='av-structured-data'  itemprop=\"dateModified\" itemtype=\"https:\/\/schema.org\/dateModified\" >2018-08-02 09:43:07<\/span><span class='av-structured-data'  itemprop=\"mainEntityOfPage\" itemtype=\"https:\/\/schema.org\/mainEntityOfPage\" ><span itemprop='name'>Projekt &#8211; Apartman K1<\/span><\/span><\/span><\/article><\/div><\/div><div class='pagination-wrap pagination-slider'><nav class='pagination'><span class='pagination-meta'>Page 1 of 4<\/span><span class='current'>1<\/span><a href='http:\/\/arhi5ra.com\/index.php?rest_route=%2Fwp%2Fv2%2Fpages%2F283&#038;avia-element-paging=2' class='inactive next_page' >2<\/a><a href='http:\/\/arhi5ra.com\/index.php?rest_route=%2Fwp%2Fv2%2Fpages%2F283&#038;avia-element-paging=3' class='inactive' >3<\/a><a href='http:\/\/arhi5ra.com\/index.php?rest_route=%2Fwp%2Fv2%2Fpages%2F283&#038;avia-element-paging=4' class='inactive' >4<\/a><\/nav>\n<\/div><\/div><\/div>\n<div  class='hr av-9v6hf-aa5a5c33454ff5d57b64207ab1072042 hr-default  avia-builder-el-16  el_after_av_one_full  avia-builder-el-last '><span class='hr-inner '><span class=\"hr-inner-style\"><\/span><\/span><\/div>\n","protected":false},"excerpt":{"rendered":"","protected":false},"author":1,"featured_media":0,"parent":0,"menu_order":0,"comment_status":"open","ping_status":"open","template":"","meta":{"footnotes":""},"class_list":["post-283","page","type-page","status-publish","hentry"],"_links":{"self":[{"href":"http:\/\/arhi5ra.com\/index.php?rest_route=\/wp\/v2\/pages\/283","targetHints":{"allow":["GET"]}}],"collection":[{"href":"http:\/\/arhi5ra.com\/index.php?rest_route=\/wp\/v2\/pages"}],"about":[{"href":"http:\/\/arhi5ra.com\/index.php?rest_route=\/wp\/v2\/types\/page"}],"author":[{"embeddable":true,"href":"http:\/\/arhi5ra.com\/index.php?rest_route=\/wp\/v2\/users\/1"}],"replies":[{"embeddable":true,"href":"http:\/\/arhi5ra.com\/index.php?rest_route=%2Fwp%2Fv2%2Fcomments&post=283"}],"version-history":[{"count":73,"href":"http:\/\/arhi5ra.com\/index.php?rest_route=\/wp\/v2\/pages\/283\/revisions"}],"predecessor-version":[{"id":2487,"href":"http:\/\/arhi5ra.com\/index.php?rest_route=\/wp\/v2\/pages\/283\/revisions\/2487"}],"wp:attachment":[{"href":"http:\/\/arhi5ra.com\/index.php?rest_route=%2Fwp%2Fv2%2Fmedia&parent=283"}],"curies":[{"name":"wp","href":"https:\/\/api.w.org\/{rel}","templated":true}]}}